 of 15433 and 66.
11
What is the greatest common divisor of 30 and 79530?
30
What is the highest common divisor of 80 and 34460?
20
What is the greatest common divisor of 5 and 342505?
5
What is the greatest common factor of 1024 and 78672?
16
What is the highest common factor of 923 and 4537?
13
What is the greatest common factor of 5781 and 1353?
123
What is the highest common factor of 1555 and 109161?
311
Calculate the highest common divisor of 2512 and 4867.
157
What is the greatest common factor of 1783264 and 760?
152
Calculate the greatest common divisor of 60277 and 1264.
79
Calculate the greatest common divisor of 32469 and 1264.
79
Calculate the greatest common factor of 6955 and 65.
65
Calculate the greatest common divisor of 42 and 20818.
14
Calculate the greatest common divisor of 11859 and 531.
177
Calculate the greatest common factor of 202 and 234926.
202
Calculate the highest common factor of 1258 and 1700.
34
Calculate the highest common factor of 2814 and 18165.
21
Calculate the highest common factor of 82554 and 6.
6
Calculate the highest common factor of 9 and 263988.
9
Calculate the greatest common factor of 18277 and 94369.
373
Calculate the greatest common factor of 657360 and 10.
10
What is the greatest common factor of 1040 and 119860?
260
Calculate the highest common divisor of 244 and 5185.
61
Calculate the highest common factor of 363222 and 72.
18
What is the greatest common factor of 2 and 198026?
2
What is the highest common divisor of 3575 and 8425?
25
What is the highest common divisor of 80897 and 1?
1
What is the greatest common divisor of 40 and 82120?
40
Calculate the highest common divisor of 54 and 221994.
54
Calculate the highest common factor of 7367 and 1325.
53
What is the greatest common divisor of 252 and 5756?
4
Calculate the greatest common factor of 78 and 394862.
26
What is the greatest common divisor of 1719061 and 6788?
1697
What is the greatest common factor of 19112 and 40?
8
What is the greatest common divisor of 26528 and 928?
32
Calculate the greatest common factor of 10295286 and 186.
186
What is the highest common factor of 4200 and 5496?
24
Calculate the greatest common factor of 88314 and 246.
246
What is the greatest common factor of 342600 and 12?
12
What is the greatest common divisor of 16288692 and 14?
14
What is the highest common divisor of 122 and 347822?
122
What is the greatest common factor of 1680876 and 504?
36
What is the greatest common factor of 277545 and 120?
15
Calculate the greatest common divisor of 4249 and 14.
7
Calculate the greatest common factor of 223 and 1355840.
223
What is the greatest common factor of 12567 and 118?
59
What is the highest common divisor of 3840 and 1230?
30
What is the highest common factor of 2475 and 3201?
33
Calculate the highest common factor of 33401 and 1397.
127
What is the highest common divisor of 959346 and 27?
9
Calculate the highest common factor of 112563 and 1023.
33
What is the greatest common divisor of 160368 and 228?
12
Calculate the highest common factor of 24 and 481048.
8
What is the highest common factor of 20064 and 228?
228
Calculate the greatest common divisor of 13240 and 1815535.
1655
What is the greatest common divisor of 29458 and 693?
11
What is the highest common factor of 85709 and 57?
19
Calculate the greatest common divisor of 5 and 751435.
5
Calculate the greatest common divisor of 41839 and 70133.
301
What is the highest common factor of 2856372 and 24?
12
Calculate the highest common divisor of 64 and 85972.
4
What is the greatest common divisor of 129123 and 9?
9
What is the greatest common factor of 4566 and 60?
6
What is the highest common divisor of 110 and 4659490?
110
What is the greatest common divisor of 345 and 25890?
15
Calculate the greatest common divisor of 2695 and 176.
11
Calculate the highest common factor of 18303 and 84.
3
What is the greatest common divisor of 55499 and 6555?
437
What is the highest common factor of 748 and 79220?
68
Calculate the greatest common divisor of 14 and 925344.
14
What is the greatest common divisor of 142 and 42884?
142
What is the greatest common factor of 26143 and 91?
13
What is the greatest common divisor of 10092 and 1592854?
1682
What is the highest common divisor of 138 and 786738?
138
Calculate the highest common divisor of 34590 and 870.
30
What is the greatest common divisor of 148051 and 779?
41
What is the greatest common factor of 14 and 819518?
14
What is the highest common divisor of 142593 and 99?
33
Calculate the highest common factor of 186 and 146258.
62
What is the greatest common divisor of 318 and 11978?
106
Calculate the greatest common factor of 24 and 387204.
12
Calculate the highest common factor of 45 and 91965.
15
Calculate the highest common factor of 376290 and 45.
45
What is the greatest common divisor of 3698240 and 508?
508
What is the highest common divisor of 1000 and 58875?
125
What is the greatest common factor of 33299 and 56?
7
Calculate the greatest common factor of 11 and 410707.
11
What is the highest common factor of 31188 and 4294?
226
What is the greatest common divisor of 599 and 19767?
599
Calculate the greatest common factor of 412 and 14275388.
412
What is the highest common divisor of 145 and 822295?
145
What is the highest common factor of 105 and 689115?
105
Calculate the greatest common divisor of 40199 and 52720.
659
What is the greatest common divisor of 776868 and 3280?
164
What is the highest common factor of 108884 and 489?
163
What is the highest common factor of 7 and 2767492?
7
What is the highest common divisor of 105 and 10815?
105
What is the highest common divisor of 110 and 12958?
22
Calculate the greatest common factor of 1932 and 182252.
644
Calculate the highest common factor of 58 and 22591.
29
Calculate the highest common divisor of 4588 and 348.
4
Calculate the highest common divisor of 30725 and 5.
5
Calculate the greatest common factor of 3400 and 7760.
40
Calculate the highest common factor of 4 and 92942.
2
What is the greatest common divisor of 2 and 188126?
2
Calculate the greatest common factor of 149800 and 140.
140
Calculate the greatest common factor of 14456 and 988.
52
Calculate the highest common factor of 189237 and 3.
3
Calculate the greatest common divisor of 263771 and 2101.
191
Calculate the greatest common factor of 2573 and 349679.
83
What is the greatest common divisor of 5524 and 24?
4
Calculate the highest common factor of 77 and 2752981.
77
What is the greatest common factor of 2 and 6388?
2
What is the greatest common divisor of 4539 and 459?
51
Calculate the highest common factor of 537 and 22912.
179
What is the greatest common factor of 22 and 3571?
1
What is the highest common divisor of 1230 and 390?
30
Calculate the highest common divisor of 1755 and 39420.
135
Calculate the greatest common divisor of 82 and 980146.
82
Calculate the highest common divisor of 589 and 1444.
19
Calculate the greatest common divisor of 2700 and 19548.
108
What is the highest common factor of 1665792 and 168?
24
What is the greatest common divisor of 2786616 and 152?
152
What is the highest common factor of 25 and 42475?
25
Calculate the highest common factor of 202862 and 88.
22
Calculate the highest common divisor of 416 and 3168.
32
What is the highest common divisor of 77 and 35987?
7
What is the highest common divisor of 666 and 153432?
18
What is the greatest common factor of 4819595 and 55?
55
What is the greatest common factor of 96324 and 4278?
138
What is the highest common divisor of 8606 and 26091?
13
What is the highest common factor of 54 and 605070?
54
What is the greatest common divisor of 39 and 2770729?
13
What is the greatest common divisor of 12 and 748196?
4
Calculate the greatest common factor of 7363 and 3184.
199
What is the greatest common divisor of 67 and 564073?
67
Calculate the greatest common factor of 47437 and 3293.
89
What is the greatest common factor of 418698 and 1134?
126
Calculate the highest common factor of 446430 and 1242.
138
Calculate the greatest common factor of 15620 and 80.
20
Calculate the greatest common factor of 25412 and 12.
4
What is the highest common factor of 38 and 84683?
19
What is the highest common factor of 